s digit of 141498610?
0
What is the hundreds digit of 2869010?
0
What is the ten thousands digit of 3656216700?
1
What is the tens digit of 584898887?
8
What is the hundreds digit of 206256348?
3
What is the hundred thousands digit of 945571439?
5
What is the units digit of 7532900?
0
What is the tens digit of 278721163?
6
What is the hundreds digit of 329801918?
9
What is the billions digit of 2525992075?
2
What is the units digit of 4520731111?
1
What is the hundred thousands digit of 3359381353?
3
What is the thousands digit of 2286971778?
1
What is the millions digit of 721492615?
1
What is the ten thousands digit of 11063707?
6
What is the units digit of 176745739?
9
What is the hundred millions digit of 420197422?
4
What is the hundred millions digit of 364876182?
3
What is the units digit of 441302126?
6
What is the thousands digit of 1592993948?
3
What is the units digit of 150021998?
8
What is the ten thousands digit of 51784717?
8
What is the units digit of 227483923?
3
What is the hundreds digit of 2092114673?
6
What is the hundreds digit of 279856257?
2
What is the hundred millions digit of 801047061?
8
What is the ten thousands digit of 27306253?
0
What is the ten millions digit of 434525271?
3
What is the hundreds digit of 2241123115?
1
What is the units digit of 76116710?
0
What is the ten millions digit of 14410335?
1
What is the millions digit of 1130483595?
0
What is the hundred millions digit of 273906708?
2
What is the hundreds digit of 3391735391?
3
What is the billions digit of 2072105963?
2
What is the thousands digit of 634089275?
9
What is the hundreds digit of 1101482663?
6
What is the thousands digit of 226142286?
2
What is the millions digit of 55028957?
5
What is the units digit of 1053129?
9
What is the tens digit of 1397872329?
2
What is the billions digit of 5284176167?
5
What is the ten thousands digit of 43322565?
2
What is the tens digit of 3693462206?
0
What is the thousands digit of 304670329?
0
What is the hundred thousands digit of 46410172?
4
What is the hundred thousands digit of 1252942962?
9
What is the tens digit of 44574336?
3
What is the billions digit of 2823335687?
2
What is the thousands digit of 599045134?
5
What is the hundred millions digit of 2377120650?
3
What is the thousands digit of 943345714?
5
What is the units digit of 205587799?
9
What is the ten thousands digit of 199508570?
0
What is the tens digit of 3375357093?
9
What is the millions digit of 25513299?
5
What is the billions digit of 2819720728?
2
What is the hundred millions digit of 1078391743?
0
What is the hundred thousands digit of 189028399?
0
What is the units digit of 7245294?
4
What is the thousands digit of 72471510?
1
What is the thousands digit of 574125245?
5
What is the thousands digit of 45858303?
8
What is the hundred millions digit of 1043836556?
0
What is the thousands digit of 738117540?
7
What is the billions digit of 5006671735?
5
What is the ten millions digit of 65471512?
6
What is the thousands digit of 12675868?
5
What is the hundreds digit of 478128476?
4
What is the ten thousands digit of 5274477970?
7
What is the units digit of 59823714?
4
What is the hundreds digit of 247692135?
1
What is the hundred thousands digit of 372835217?
8
What is the ten thousands digit of 301512765?
1
What is the hundreds digit of 25861679?
6
What is the billions digit of 2240281809?
2
What is the ten millions digit of 3149813672?
4
What is the hundreds digit of 136790369?
3
What is the hundreds digit of 220237533?
5
What is the tens digit of 178742847?
4
What is the hundred thousands digit of 349801456?
8
What is the millions digit of 31458769?
1
What is the millions digit of 1735177510?
5
What is the ten millions digit of 1327740133?
2
What is the ten thousands digit of 293610393?
1
What is the billions digit of 3748240122?
3
What is the hundred thousands digit of 32233230?
2
What is the ten millions digit of 429730235?
2
What is the thousands digit of 114668206?
8
What is the hundreds digit of 88768775?
7
What is the tens digit of 2156687237?
3
What is the thousands digit of 439002345?
2
What is the units digit of 8567939340?
0
What is the ten millions digit of 120438192?
2
What is the millions digit of 612888968?
2
What is the hundred millions digit of 2272989662?
2
What is the thousands digit of 5140016?
0
What is the thousands digit of 2970081273?
1
What is the tens digit of 6542115673?
7
What is the billions digit of 5378938146?
5
What is the hundreds digit of 25327257?
2
What is the ten thousands digit of 563289487?
8
What is the millions digit of 581640933?
1
What is the hundreds digit of 14511289?
2
What is the hundred thousands digit of 281478149?
4
What is the millions digit of 23186075?
3
What is the millions digit of 8780166?
8
What is the millions digit of 488711044?
8
What is the hundreds digit of 8256680?
6
What is the ten thousands digit of 14093095?
9
What is the millions digit of 639577235?
9
What is the units digit of 120812974?
4
What is the thousands digit of 28795876?
5
What is the units digit of 32902180?
0
What is the millions digit of 2973879577?
3
What is the units digit of 677833453?
3
What is the hundred thousands digit of 77416481?
4
What is the hundreds digit of 48456912?
9
What is the units digit of 297716972?
2
What is the ten millions digit of 752409751?
5
What is the billions digit of 3963856258?
3
What is the millions digit of 192646146?
2
What is the tens digit of 36919319?
1
What is the hundred millions digit of 549023724?
5
What is the ten millions digit of 6198476102?
9
What is the hundreds digit of 460582136?
1
What is the units digit of 70293765?
5
What is the thousands digit of 39075583?
5
What is the thousands digit of 56629863?
9
What is the units digit of 157468328?
8
What is the units digit of 785178586?
6
What is the millions digit of 636787664?
6
What is the hundreds digit of 616580252?
2
What is the billions digit of 1686201914?
1
What is the thousands digit of 60284976?
4
What is the ten thousands digit of 18522667?
2
What is the ten thousands digit of 103964307?
6
What is the hundreds digit of 43800087?
0
What is the units digit of 1594602371?
1
What is the millions digit of 1840690768?
0
What is the units digit of 229491228?
8
What is the units digit of 464049799?
9
What is the millions digit of 11483638?
1
What is the tens digit of 232752539?
3
What is the ten thousands digit of 87102349?
0
What is the ten millions digit of 651155992?
5
What is the hundreds digit of 7768212286?
2
What is the tens digit of 772240153?
5
What is the tens digit of 38502917?
1
What is the thousands digit of 169788202?
8
What is the thousands digit of 28474620?
4
What is the ten millions digit of 243292790?
4
What is the hundreds digit of 166927209?
2
What is the hundreds digit of 39063739?
7
What is the ten thousands digit of 802570376?
7
What is the millions digit of 151546826?
1
What is the tens digit of 154801042?
4
What is the units digit of 556696598?
8
What is the millions digit of 530058591?
0
What is the hundred millions digit of 1008675943?
0
What is the hundred thousands digit of 1840647116?
6
What is the hundreds digit of 55132651?
6
What is the hundred thousands digit of 2959841631?
8
What is the hundreds digit of 592853957?
9
What is the hundred millions digit of 1297030083?
2
What is the tens digit of 2946592597?
9
What is the ten millions digit of 751772117?
5
What is the tens digit of 60726884?
8
What is the hundred thousands digit of 16129301?
1
What is the hundreds digit of 2301602424?
4
What is the thousands digit of 17263361?
3
What is the tens digit of 47065418?
1
What is the hundred thousands digit of 34941737?
9
What is the billions digit of 4725332066?
4
What is the thousands digit of 7191295143?
5
What is the ten thousands digit of 35508251?
0
What is the millions digit of 299336321?
9
What is the tens digit of 554774109?
0
What is the ten thousands digit of 6685622719?
2
What is the thousands digit of 161452657?
2
What is the ten thousands digit of 2657349751?
4
What is the millions digit of 467851649?
7
What is the units digit of 21583489?
9
What is the units digit of 42556703?
3
What is the units digit of 338363009?
9
What is the thousands digit of 2558443111